{"id":3,"date":"2020-07-04T22:51:37","date_gmt":"2020-07-04T22:51:37","guid":{"rendered":"https:\/\/amre.pt\/go\/?page_id=3"},"modified":"2020-09-12T14:57:00","modified_gmt":"2020-09-12T14:57:00","slug":"privacy-policy","status":"publish","type":"page","link":"https:\/\/amre.pt\/go\/privacy-policy\/","title":{"rendered":"Privacy Policy"},"content":{"rendered":"<h1><strong>Pol\u00edtica de Prote\u00e7\u00e3o de Dados<\/strong><\/h1>\r\n<p>A Pol\u00edtica de Prote\u00e7\u00e3o de dados, mais concretamente, o presente Aviso de Privacidade tem como finalidade dar a conhecer as nossas pr\u00e1ticas de privacidade, incluindo os Dados pessoais que recolhemos, os motivos pelos quais os recolhemos, o que fazemos com os mesmos, e a forma como os protegemos, bem como os seus direitos individuais.<\/p>\r\n<h3><strong>Como protegemos os seus Dados Pessoais?<\/strong><\/h3>\r\n<p>Utilizamos medidas organizacionais, t\u00e9cnicas e administrativas para proteger os Dados Pessoais que nos s\u00e3o confiados, tendo em considera\u00e7\u00e3o as amea\u00e7as e uma adequada avalia\u00e7\u00e3o de risco.<\/p>\r\n<h3><strong>Qual a finalidade da recolha dos seus Dados Pessoais?<\/strong><\/h3>\r\n<p>Os dados pessoais recolhidos neste site servem para a gest\u00e3o da \u00e1rea reservada a associados. Os dados pessoais ficam registados na plataforma Wiki.<\/p>\r\n<h3><strong>Qual o per\u00edodo de reten\u00e7\u00e3o dos seus Dados Pessoais?<\/strong><\/h3>\r\n<p>Vamos conservar os seus Dados Pessoais durante o tempo necess\u00e1rio e permitido no \u00e2mbito do objetivo que motivou a sua recolha e que \u00e9 a gest\u00e3o da \u00e1rea reservada \u00e0 disponibiliza\u00e7\u00e3o de servi\u00e7os aos associados.<\/p>\r\n<p>Nos termos da legisla\u00e7\u00e3o em vigor, informamos que poder\u00e1 exercer os seus direitos de Titular de Dados Pessoais (Acesso, Retifica\u00e7\u00e3o, Cancelamento, Oposi\u00e7\u00e3o, Portabilidade, Limita\u00e7\u00e3o do Tratamento) contactando:<\/p>\r\n<p>info@amre.pt<\/p>\r\n<p>ou<\/p>\r\n<p>AMRE \u2013 Associa\u00e7\u00e3o de Mediadores de Recupera\u00e7\u00e3o de Servi\u00e7os<\/p>\r\n<p>Avenida Viriato, 110-C<\/p>\r\n<p>6200-725 Tortosendo<\/p>\r\n<p>&nbsp;<\/p>\r\n<p>Reservamos o nosso direito de alterar sem pr\u00e9-aviso o conte\u00fado deste Aviso de Privacidade.<\/p>\r\n<p>&nbsp;<\/p>\r\n\r\n\r\n","protected":false},"excerpt":{"rendered":"<p>Pol\u00edtica de Prote\u00e7\u00e3o de Dados A Pol\u00edtica de Prote\u00e7\u00e3o de dados, mais concretamente, o presente Aviso de Privacidade tem como finalidade dar a conhecer as [&hellip;]<\/p>\n","protected":false},"author":1,"featured_media":0,"parent":0,"menu_order":0,"comment_status":"closed","ping_status":"open","template":"","meta":[],"_links":{"self":[{"href":"https:\/\/amre.pt\/go\/wp-json\/wp\/v2\/pages\/3"}],"collection":[{"href":"https:\/\/amre.pt\/go\/wp-json\/wp\/v2\/pages"}],"about":[{"href":"https:\/\/amre.pt\/go\/wp-json\/wp\/v2\/types\/page"}],"author":[{"embeddable":true,"href":"https:\/\/amre.pt\/go\/wp-json\/wp\/v2\/users\/1"}],"replies":[{"embeddable":true,"href":"https:\/\/amre.pt\/go\/wp-json\/wp\/v2\/comments?post=3"}],"version-history":[{"count":3,"href":"https:\/\/amre.pt\/go\/wp-json\/wp\/v2\/pages\/3\/revisions"}],"predecessor-version":[{"id":204,"href":"https:\/\/amre.pt\/go\/wp-json\/wp\/v2\/pages\/3\/revisions\/204"}],"wp:attachment":[{"href":"https:\/\/amre.pt\/go\/wp-json\/wp\/v2\/media?parent=3"}],"curies":[{"name":"wp","href":"https:\/\/api.w.org\/{rel}","templated":true}]}}

<h1><strong>Política de Proteção de Dados</strong></h1>
<p>A Política de Proteção de dados, mais concretamente, o presente Aviso de Privacidade tem como finalidade dar a conhecer as nossas práticas de privacidade, incluindo os Dados pessoais que recolhemos, os motivos pelos quais os recolhemos, o que fazemos com os mesmos, e a forma como os protegemos, bem como os seus direitos individuais.</p>
<h3><strong>Como protegemos os seus Dados Pessoais?</strong></h3>
<p>Utilizamos medidas organizacionais, técnicas e administrativas para proteger os Dados Pessoais que nos são confiados, tendo em consideração as ameaças e uma adequada avaliação de risco.</p>
<h3><strong>Qual a finalidade da recolha dos seus Dados Pessoais?</strong></h3>
<p>Os dados pessoais recolhidos neste site servem para a gestão da área reservada a associados. Os dados pessoais ficam registados na plataforma Wiki.</p>
<h3><strong>Qual o período de retenção dos seus Dados Pessoais?</strong></h3>
<p>Vamos conservar os seus Dados Pessoais durante o tempo necessário e permitido no âmbito do objetivo que motivou a sua recolha e que é a gestão da área reservada à disponibilização de serviços aos associados.</p>
<p>Nos termos da legislação em vigor, informamos que poderá exercer os seus direitos de Titular de Dados Pessoais (Acesso, Retificação, Cancelamento, Oposição, Portabilidade, Limitação do Tratamento) contactando:</p>
<p>info@amre.pt</p>
<p>ou</p>
<p>AMRE – Associação de Mediadores de Recuperação de Serviços</p>
<p>Avenida Viriato, 110-C</p>
<p>6200-725 Tortosendo</p>
<p>&nbsp;</p>
<p>Reservamos o nosso direito de alterar sem pré-aviso o conteúdo deste Aviso de Privacidade.</p>
<p>&nbsp;</p>

<p>Política de Proteção de Dados A Política de Proteção de dados, mais concretamente, o presente Aviso de Privacidade tem como finalidade dar a conhecer as [&hellip;]</p>
